sor of 10087 and 14?
7
Calculate the greatest common factor of 2 and 68.
2
What is the highest common factor of 221 and 612?
17
What is the greatest common factor of 15 and 65?
5
Calculate the highest common divisor of 430 and 516.
86
What is the highest common factor of 28 and 119?
7
What is the greatest common divisor of 14 and 3262?
14
What is the greatest common divisor of 62 and 15934?
62
What is the highest common factor of 96 and 120?
24
Calculate the highest common factor of 432 and 32184.
216
What is the greatest common factor of 164 and 369?
41
Calculate the greatest common divisor of 3872 and 48.
16
Calculate the highest common factor of 20 and 27.
1
Calculate the greatest common factor of 54 and 702.
54
What is the highest common factor of 320 and 64?
64
Calculate the greatest common divisor of 448 and 3648.
64
What is the greatest common factor of 14 and 4151?
7
What is the greatest common divisor of 4149 and 36?
9
What is the highest common factor of 225 and 1875?
75
What is the highest common factor of 224 and 1904?
112
Calculate the greatest common divisor of 603 and 9.
9
Calculate the highest common divisor of 264 and 33.
33
Calculate the greatest common divisor of 114 and 646.
38
Calculate the greatest common divisor of 36 and 7188.
12
Calculate the greatest common factor of 72 and 87.
3
What is the highest common divisor of 45 and 30?
15
Calculate the highest common divisor of 15 and 395.
5
What is the highest common factor of 33 and 220?
11
What is the greatest common divisor of 570 and 6726?
114
What is the greatest common factor of 71 and 50978?
71
What is the greatest common divisor of 1870 and 3910?
170
What is the highest common factor of 3266 and 138?
46
What is the greatest common factor of 826 and 77?
7
What is the highest common divisor of 12 and 222?
6
Calculate the highest common divisor of 665 and 266.
133
What is the greatest common divisor of 23897 and 23?
23
What is the highest common factor of 6 and 2868?
6
Calculate the greatest common divisor of 770 and 2618.
154
Calculate the highest common divisor of 4935 and 1155.
105
What is the greatest common divisor of 35 and 1015?
35
Calculate the greatest common factor of 20 and 18.
2
What is the greatest common divisor of 442 and 2015?
13
Calculate the greatest common factor of 108 and 204.
12
Calculate the greatest common factor of 305 and 295.
5
What is the greatest common factor of 1168 and 208?
16
Calculate the greatest common divisor of 603 and 335.
67
What is the highest common factor of 6923 and 14?
7
What is the highest common divisor of 98 and 574?
14
What is the greatest common divisor of 35 and 9380?
35
What is the greatest common divisor of 83 and 581?
83
What is the highest common divisor of 20 and 9710?
10
What is the highest common factor of 12 and 824?
4
Calculate the highest common divisor of 6246 and 54.
18
What is the greatest common factor of 16 and 664?
8
Calculate the highest common factor of 36 and 204.
12
Calculate the highest common divisor of 702 and 9.
9
Calculate the highest common divisor of 171 and 703.
19
Calculate the highest common divisor of 368 and 16.
16
What is the highest common divisor of 122 and 305?
61
Calculate the highest common factor of 399 and 21.
21
Calculate the highest common divisor of 132 and 948.
12
Calculate the highest common divisor of 7120 and 160.
80
What is the highest common divisor of 532 and 140?
28
Calculate the greatest common factor of 15 and 135.
15
What is the highest common divisor of 26 and 26?
26
Calculate the highest common factor of 8962 and 2.
2
Calculate the greatest common factor of 8192 and 8.
8
Calculate the greatest common divisor of 5 and 115.
5
What is the highest common divisor of 100 and 150?
50
Calculate the greatest common factor of 153 and 17.
17
Calculate the highest common divisor of 190 and 30.
10
Calculate the highest common factor of 1528 and 216.
8
What is the highest common divisor of 63 and 32067?
63
Calculate the greatest common factor of 909 and 117.
9
What is the greatest common factor of 1029 and 56?
7
Calculate the highest common divisor of 765 and 90.
45
What is the highest common factor of 28 and 21?
7
Calculate the greatest common divisor of 210 and 140.
70
Calculate the greatest common divisor of 638 and 232.
58
What is the highest common factor of 828 and 2116?
92
Calculate the greatest common divisor of 5605 and 118.
59
What is the greatest common factor of 261 and 27?
9
What is the greatest common divisor of 9 and 213?
3
What is the highest common divisor of 304 and 38?
38
What is the highest common factor of 448 and 147?
7
Calculate the highest common factor of 34 and 119.
17
Calculate the greatest common factor of 36 and 28.
4
What is the highest common factor of 32 and 44288?
32
Calculate the greatest common divisor of 5074 and 118.
118
Calculate the highest common divisor of 532 and 56.
28
What is the greatest common factor of 10 and 19120?
10
What is the highest common divisor of 88 and 24?
8
What is the highest common divisor of 2353 and 39?
13
What is the highest common factor of 43 and 4859?
43
Calculate the greatest common divisor of 81 and 189.
27
What is the highest common factor of 1250 and 50?
50
Calculate the greatest common factor of 84 and 12.
12
Calculate the highest common factor of 507 and 13.
13
Calculate the greatest common factor of 999 and 108.
27
What is the highest common factor of 255 and 1173?
51
What is the highest common factor of 160 and 3?
1
Calculate the greatest common factor of 4050 and 50.
50
Calculate the greatest common divisor of 150 and 9975.
75
What is the greatest common factor of 8702 and 38?
38
What is the highest common divisor of 5030 and 10?
10
What is the highest common divisor of 2436 and 336?
84
Calculate the greatest common divisor of 63 and 147.
21
Calculate the greatest common divisor of 47 and 1.
1
What is the highest common divisor of 30 and 1725?
15
Calculate the highest common factor of 1072 and 48.
16
What is the greatest common divisor of 196 and 6909?
49
What is the greatest common divisor of 3731 and 41?
41
What is the highest common divisor of 15549 and 1314?
219
What is the highest common factor of 12 and 198?
6
Calculate the highest common divisor of 3888 and 160.
16
Calculate the highest common divisor of 69 and 3.
3
Calculate the highest common factor of 15 and 55.
5
Calculate the highest common factor of 345 and 92.
23
What is the greatest common factor of 527 and 62?
31
Calculate the highest common divisor of 68 and 1258.
34
What is the greatest common factor of 1840 and 575?
115
Calculate the greatest common divisor of 55 and 20504.
11
Calculate the greatest common factor of 290 and 30.
10
Calculate the highest common factor of 3 and 4.
1
Calculate the highest common factor of 5175 and 828.
207
Calculate the greatest common divisor of 32 and 992.
32
What is the greatest common divisor of 1352 and 754?
26
What is the greatest common divisor of 10 and 865?
5
What is the highest common divisor of 4356 and 72?
36
What is the highest common factor of 1240 and 8?
8
What is the greatest common divisor of 4 and 1318?
2
What is the highest common factor of 483 and 46?
23
Calculate the greatest common factor of 43 and 473.
43
What is the highest common factor of 3679 and 13?
13
Calculate the greatest common factor of 630 and 36.
18
What is the greatest common factor of 1296 and 368?
16
Calculate the highest common divisor of 35 and 567.
7
What is the greatest common factor of 348 and 783?
87
Calculate the greatest common divisor of 18 and 31599.
9
What is the greatest common factor of 200 and 1150?
50
Calculate the highest common divisor of 8464 and 46.
46
What is the highest common divisor of 95 and 45?
5
What is the greatest common divisor of 675 and 270?
135
What is the highest common divisor of 137 and 274?
137
Calculate the highest common factor of 108 and 96.
12
Calculate the highest common factor of 94 and 27636.
94
Calculate the greatest common factor of 259 and 189.
7
What is the greatest common divisor of 4 and 652?
4
What is the highest common divisor of 46 and 11477?
23
What is the greatest common divisor of 1001 and 22?
11
What is the highest common factor of 20 and 4?
4
What is the hig